e l(f).
-4
Let p(u) be the first derivative of -u**3/3 - 5*u**2 - 6*u - 178. Give p(-10).
-6
Suppose q = -3*r - 25, -26 = 3*q - 14. Let f(x) = 2*x + 14. Give f(r).
0
Let i(z) = -2*z - 2. Suppose l = 5*o - 24 + 2, o - 8 = 2*l. Suppose 0 = 5*b - 3*q + 33 - 12, -q = -o*b - 14. Give i(b).
4
Let r be 2/(-1*2 - (-64)/31). Suppose -1 = 10*p - r. Let i(h) = 2 + 6*h + 0 - h - h**2. Determine i(p).
8
Let t(h) be the second derivative of 0 - 1/2*h**2 + 14*h - 1/2*h**3. Give t(-1).
2
Suppose -v = -r + 6*r - 7, 0 = -3*v + r + 21. Let u(m) = v*m + 8*m + 6*m - 18*m + 4. What is u(-4)?
-8
Suppose 2*i = r + 22, 4*r + 23*i + 61 = 22*i. Let w(p) = p**2 + 15*p - 20. What is w(r)?
-4
Let y(r) = -13*r**3 - 5*r**2 - 3*r + 2. Let j(f) = -30*f**3 - 10*f**2 - 6*f + 3. Let o(x) = 3*j(x) - 7*y(x). Determine o(-4).
-1
Let i(g) = -g**2 + 6*g + 11. Let v = -609 - -615. Determine i(v).
11
Let p(o) be the first derivative of -4*o**2 - 9*o + 696. Determine p(-3).
15
Suppose -4 = 6*n - 8*n. Let w(d) = -3*d - 4*d + 5*d + 2*d**n. Give w(2).
4
Let t(d) = -5*d**3 - 3*d**2 + d - 1. Let u(n) = -n**3 - n**2. Let m(p) = -t(p) + 2*u(p). Let v(o) = o**3 + 2*o**2 - 2*o - 3. Let r be v(-2). Determine m(r).
4
Let w(s) be the second derivative of -s**4/12 + 21*s**2 - 13*s + 3. Calculate w(0).
42
Let i = 1155 - 1153. Let t(d) be the first derivative of -8 - d + 0*d**i + 2/3*d**3. Give t(1).
1
Suppose c = -2*c + 15. Suppose 13 = -r - 3*x, c = 5*r - 0*r + x. Let n(d) = 2*d + 0*d**2 - 5*d + d**3 + 4 + d**2 - 1. What is n(r)?
9
Let t(u) = u**2 + 3*u. Suppose 8*o - 10*o + 84 = 0. Let k = o + -46. What is t(k)?
4
Let w(b) = -1224*b - 7 - b**3 + 9 + 1231*b + 4*b**2. What is w(6)?
-28
Let f(x) = 7*x**2 - 10*x - 1. Let s(g) = -13*g**2 + 19*g + 3. Let o be 1/(-3) - 3/((-9)/(-17)). Let q(m) = o*s(m) - 11*f(m). Determine q(6).
5
Let c = 12 - 8. Suppose -5*q - 3*y + 12 = 0, 0 = 3*q + q - c*y + 16. Let h(s) = q*s**2 - 5*s**2 + 8*s + 4*s**2 - 3 + 0*s**2. Give h(6).
9
Let r(t) be the second derivative of t**4/3 + 5*t**3/6 - 3*t**2/2 - 31*t. Let x be r(1). Let v(c) = c**3 - 5*c - 5*c**2 + 8 + 4 - 3. Determine v(x).
15
Let p(m) be the second derivative of m**5/20 + 7*m**4/12 + 7*m**3/6 - 11*m**2/2 + 15*m - 37. What is p(-5)?
4
Let q(s) = 3*s - 1. Let z = 2919 - 2923. Determine q(z).
-13
Let m(w) = -2*w + 1. Let l be m(-8). Let k(b) = -20*b**3 - 12*b**2 - 3*b + 8. Let n(f) = -7*f**3 - 4*f**2 - f + 3. Let x(j) = l*n(j) - 6*k(j). What is x(-3)?
9
Let z(i) = i**3 + 5*i**2 - 6*i - 7. Let d(n) be the first derivative of n**3/3 + 5*n**2/2 - 2*n + 27. Let p be d(-4). What is z(p)?
-7
Let l(j) be the second derivative of j**3/2 + 7*j**2/2 - 79*j. What is l(-8)?
-17
Let d(i) = i**2 - 2*i + 3. Let w(t) = t. Let a(z) = -d(z) + 4*w(z). Let p = -8 - -13. Give a(p).
2
Let p(q) be the second derivative of -q**3/3 + 3*q**2/2 - 19*q + 4. What is p(-7)?
17
Let n(h) be the first derivative of 2*h**2 + 3*h - 23. Suppose 0*g - 3*g = -15. Let p(a) = -3*a - 2. Let j(d) = g*n(d) + 6*p(d). Give j(-3).
-3
Suppose 2*x - 10 = -2*y, 2*x - 33 = -13*y + 5*x. Let z(g) = -6 + 0*g - g + 3. What is z(y)?
-6
Let n = 7 + -5. Let i(d) = -3 + n*d**2 + d**2 - 2*d**2 - 8*d. Determine i(7).
-10
Suppose -3*y + 9 = 3*s, -3*y + 9 = -0*s + 4*s. Let b(g) = 0*g - g + s - 3. Suppose -23*z - 91 = 70. Calculate b(z).
4
Let u = -33 - -45. Suppose -5*o + u = 2*k, -k - 3*k + 3*o = 28. Let x(z) = -z**3 - 3*z**2 + z - 5. Calculate x(k).
7
Let x be 0/(6/((-2)/(20/(-15)))). Let v(n) = 9*n**3 - 5*n**2 - 5*n - 19. Let k(y) = -4*y**3 + 2*y**2 + 2*y + 9. Let j(i) = 7*k(i) + 3*v(i). Calculate j(x).
6
Let v be 3 - (2/4)/(2/16). Let o(d) = 26*d**2 + d. Determine o(v).
25
Let b = -11 + 13. Let d be 0/b - 15/(-5). Let s(c) = -d*c + 3 + c - 2. What is s(-4)?
9
Let r(k) = -8*k**3 - k**2 - k + 1. Let d(g) = -2*g + 9. Suppose -5*p - 56 = -9*p. Let i be (48/(-56))/((-3)/p). Let n be d(i). Determine r(n).
-9
Let o = 17 - 9. Let s(a) be the first derivative of -a**2/2 + a - 400. What is s(o)?
-7
Let p = 35/114 + 1/38. Let q(b) be the second derivative of b + 0 - 5/12*b**4 + 1/2*b**2 - p*b**3. Determine q(1).
-6
Suppose -u - 77 = -72. Let p(q) = -q**2 - 2*q - 2. Calculate p(u).
-17
Let d = 2875 - 2869. Let w(f) = -f**2 + 6*f - 5. Let u(v) = 1. Let q(m) = -3*u(m) - w(m). What is q(d)?
2
Let o(b) = -b**3 + b**2 - b + 2. Let p(r) = 7*r**3 - 2*r**2 + 5*r - 16. Let u(w) = -6*o(w) - p(w). Give u(-2).
-6
Let l(d) = -25*d**2 - d + 67*d**2 - 23*d**2 - 20*d**2 + 3 - 11*d. Calculate l(-12).
3
Let b(m) = 2*m + 47. Suppose -5*o + 83 = -2*t + 30, 0 = 4*t + 3*o + 93. Give b(t).
-1
Suppose 0 = -76*j + 67*j - 45. Let a(k) = 2*k - 1. Let l(u) = -2*u. Let y(p) = -3*a(p) - 4*l(p). Determine y(j).
-7
Let m(w) = w**3 + w**2 + 4*w + 5. Let p = -1318 - -1316. Give m(p).
-7
Let d(x) = -5*x - 85. Let v be d(-18). Let y(o) = 2*o + 2. What is y(v)?
12
Let b(r) = 2*r - 1. Suppose -3*w - 9 = -6*w. Let c be -1 + 1 + (w - -1). Suppose -t - 4*x = -3*x - 1, 4*x = c*t + 28. What is b(t)?
-7
Let p(h) = -3*h + 3. Suppose 664*f = 657*f + 42. Calculate p(f).
-15
Let r = -40 + 35. Let n = r + 8. Let w(b) = -b**3 + 2*b**2 - 3*b + 3. Determine w(n).
-15
Let d(y) = 5*y**2 + 2*y + 2. Let i be d(3). Suppose 0 = -7*u - 10 - i. Let c(b) = -b - 10. Determine c(u).
-1
Let k(w) = 5*w**3 - 2*w**2 - 2*w + 4. Let t(c) = 9*c - 14. Let q be t(2). Let s(j) = 6*j**3 - j**2 - 3*j + 4. Let d(f) = q*s(f) - 5*k(f). Calculate d(5).
11
Let u(d) = 5*d - 12. Let c(t) = -12*t + 31. Let y(i) = 2*c(i) + 5*u(i). Let k be 4/16 + 17/(-4). What is y(k)?
-2
Let b(s) be the second derivative of -s**4/12 - 11*s**3/6 - 5*s**2/2 - 4*s. Suppose 0 = 2*j, -4*w + 3*w + 3*j - 10 = 0. Determine b(w).
5
Let v(u) = u + 4. Let r be (-4)/(-6)*(-1 + 22). Let c be v(r). Suppose 0 = -5*k - 13 + c. Let n(i) = 11*i**3 - i**2. Determine n(k).
10
Let z = 20 - 18. Let m(v) = 3*v**2 - v**3 - z*v - 1 - 3*v**2 + 4*v. Give m(-2).
3
Let z(m) = -3*m + 3. Let c = -1 - -1. Suppose -4*i + c*i + 20 = 0. Suppose -3*g + 4 = -i. What is z(g)?
-6
Let f(j) be the third derivative of -j**5/60 + 5*j**4/8 + j**3/3 - j**2 - 56*j. Determine f(15).
2
Let a(v) = -1. Let n(o) = -2*o - 91 + 44 + 51. Let d(c) = -5*a(c) + n(c). Calculate d(7).
-5
Let m(j) = -j**3 + 6*j**2 - j + 6. Let x = -86 - -58. Let t = -22 - x. Determine m(t).
0
Let j(u) be the second derivative of u**4/6 - 7*u**3/6 + 5*u**2/2 - 572*u. Suppose 2*c - 11 + 3 = 0. Calculate j(c).
9
Let w(t) = -t**2 - t. Let c = -3 - -7. Let b be 0 - (2 + c/(-4)). Let m(k) = -3*k**2 - 3*k + 10. Let f(z) = b*m(z) + 2*w(z). Give f(0).
-10
Let d(l) be the third derivative of l**4/24 + 142*l**2. Determine d(-3).
-3
Let i(w) = 6*w - 10. Let p(a) = -7*a + 10. Let n(s) = -6*i(s) - 5*p(s). Let r = -600 - -600. What is n(r)?
10
Suppose -22*v = v + 46. Let m(f) = -2*f**2 - 2*f. What is m(v)?
-4
Let f(s) = -s - 3. Let q(x) = 34*x + 34. Let u(p) = 12*f(p) + q(p). Give u(1).
20
Let l(f) = 7*f + 16. Suppose -g + 5*g = 5*m - 21, 0 = g + 4*m. Determine l(g).
-12
Let u(g) be the third derivative of g**5/60 + g**4/12 - 2*g**3/3 + 7*g**2 - 50*g. Let i be 1/(2/(-10)) - -2. Calculate u(i).
-1
Let k(g) = g**2 - 7*g - 11. Let u be (-69)/(-69) - (1 + -6). Determine k(u).
-17
Suppose 1 - 21 = 5*p, p + 24 = 4*b. Let s(r) = -9*r - 68. Let q(j) = 4*j + 28. Let m(k) = 7*q(k) + 3*s(k). Calculate m(b).
-3
Suppose 97*b - 4 = 98*b. Let m(c) = -2*c**3 + 3*c**2 + 3*c**3 - 5*c - 4 + 0. Give m(b).
0
Suppose -14 = -5*c + 41. Let n(d) = 2*d - 4 - 11*d + c*d. Determine n(-3).
-10
Let o(c) = -32*c - 13. Let m(i) = 17*i + 7. Let v(j) = -11*m(j) - 6*o(j). What is v(-1)?
-4
Let v(f) = f - 2. Let z(x) = 4*x**3 + 24*x**2 - 4*x - 18. Let i(c) = -3*c**3 - 23*c**2 + 3*c + 19. Let p(l) = 3*i(l) + 2*z(l). Let n be p(-21). What is v(n)?
-2
Let h be (18/(-15))/(6/10). Let w(x) = 21*x + 1. Calculate w(h).
-41
Let a(g) = -g**3 + 5*g**2 - 4*g. Let x = 3 + 3. Let d be (2 + 4)*3/x. What is a(d)?
6
Let x(s) = -2*s**2 - 8*s - 12. Let n be x(-3). Let a(y) = y**3 + 6*y**2 - 3*y - 15. Determine a(n).
3
Let a(h) = 12*h - 8. Let p(o) = 12*o - 9. Let b be 3 - 0 - (-1)/(-2)*-6. Let m(j) = b*a(j) - 5*p(j). Calculate m(2).
21
Let z(v) be the first derivative of 38*v**3/3 - v**2 - v - 514. What is z(-1)?
39
Let t(q) = 438*q - 438*q - 2*q**2 - 17*q**2. What is t(1)?
-19
Let z(x) = -3*x - x**2 + 2*x - 21 + 28 + 2*x - 